3/r*-6). Calculate z(v).
-15
Let z(u) be the third derivative of 0 + 5/6*u**3 + 1/60*u**5 - 7*u**2 - 1/6*u**4 + 0*u. Suppose 0 = -d - d + 8. What is z(d)?
5
Let r(x) = x**3 - x**2 - 5*x + 468 - 4*x**2 - 466. Calculate r(5).
-23
Let l(s) = -s**3 + 7*s**2 - 3*s + 10. Suppose -c + n = 4*c - 34, -5*n + 5 = 0. Determine l(c).
-11
Let b(j) = 3*j + 1. Let m = -56 + 58. Determine b(m).
7
Let c(k) = 7*k**2 - k - 7*k**2 + k**3 - 2*k**2 + 2. Suppose 0 = -5*a - 3 + 18. Suppose 3*z = -a + 12. What is c(z)?
8
Let h(z) = z + 4. Suppose -y - 2*p - 4 = -0*y, -5*y = 5*p - 5. Calculate h(y).
10
Let n(r) = 3*r**3 - 2*r**2 + 5*r - 2. Let w(d) = -4*d**3 + 2*d**2 - 6*d + 3. Let c(o) = 5*n(o) + 4*w(o). Suppose 2 = -g - 0*g. Determine c(g).
0
Let y(f) = -f. Let q(n) = n**2 - 4*n - 3. Let a be q(5). Determine y(a).
-2
Let d be (0/2)/(1 + -2). Let g(a) be the third derivative of a**5/60 - a**4/24 - a**3/6 - a**2. Calculate g(d).
-1
Suppose 7*z = 3*z + 12. Let y(v) be the first derivative of v**3 + v**2 - 2 - 1/4*v**4 - 3*v. Give y(z).
3
Let j(n) = -n**2 + 7*n - 2. Let c be j(6). Let i be (-3)/6*c/1. Let u(z) = z**2 + 3*z - 1. Calculate u(i).
-3
Let u(k) = k**2 - 1. Let y be u(-1). Suppose -4*a + 4*b = -16, y*a = 5*a + 4*b + 16. Let w(i) = i**2 - 2. Determine w(a).
-2
Let x(w) be the first derivative of 2 + 3*w**2 - w - 1/3*w**3. Let k(j) be the first derivative of x(j). Determine k(4).
-2
Let c(y) be the first derivative of -y**4/4 + y**3/3 - y**2/2 - 1. Let a(q) = -q**3 + 3 - 15*q**2 + 4*q**2 - 2. Let u be a(-11). Determine c(u).
-1
Let g(v) = -5*v - 7. Suppose 6*m + 30 = -0. What is g(m)?
18
Let m be 0/(4*(-6)/24). Let k(n) = n - 3. Give k(m).
-3
Let s(x) be the first derivative of -x**2 - 7*x - 21. Calculate s(6).
-19
Let f(o) = 14*o**3 + 18*o**2 - 15*o - 23. Suppose 40 - 6 = 2*m. Let g(c) = -5*c**3 - 6*c**2 + 5*c + 8. Let z(x) = m*g(x) + 6*f(x). What is z(5)?
-2
Suppose -13 = 3*k - h, h + 12 = -2*k - 0*k. Let c(f) = 3*f**2 + 4*f**3 + 4 - 3*f**3 + 2*f**2. Calculate c(k).
4
Let v be -4 + 42/11 - 35/(-11). Let f(o) = -o - 3. Give f(v).
-6
Let u(v) = -10*v**3 - 3*v**2 - 4*v - 16. Let k(l) = 7*l**3 + 2*l**2 + 3*l + 11. Let d(x) = -7*k(x) - 5*u(x). Give d(0).
3
Let i(t) = t**2 - 2*t + 4. Let b(v) = -v + 9. Let m be b(7). Suppose -a + 3*p + 3 = m*a, -2*a + 4 = -p. Calculate i(a).
7
Let c be 32/(-5) + (-4)/(-60)*6. Let y(i) = i**3 + 6*i**2 + i + 3. Calculate y(c).
-3
Suppose -15 = b - 4*b. Let a(y) = -b - y + 4*y - 4*y. Let v(w) = w + 1. Let z(q) = a(q) - v(q). Determine z(-5).
4
Let b be (-3)/((-6 - -1)/(-5)). Let s(d) = 2 - 1 + 3 - d**3 + 3*d - 2*d**2. Calculate s(b).
4
Suppose -5*i = -4*a - 2*i - 7, 2*a + 4*i - 24 = 0. Let u(m) = m - m**2 + 10 + m + 0*m**a + 4*m. What is u(7)?
3
Let a(o) = -17*o + 20. Let z(p) = -8*p + 10. Let c(j) = -6*a(j) + 13*z(j). What is c(5)?
0
Let a(i) = -2*i - 14. Let y be a(-3). Let m(k) = -k**2 - 8*k + 3. Calculate m(y).
3
Let t(v) = -v**2 - v. Let r(h) = -3*h**2 - 10*h + 9. Let w(n) = r(n) - 4*t(n). Let j be w(4). Let f(o) = 2*o + 1. Calculate f(j).
3
Suppose -m = -2*m + 4. Suppose -5*d = m - 9. Let w(b) = b - 1. What is w(d)?
0
Suppose 15 = -4*g + 7. Let x(d) = d - 2. Calculate x(g).
-4
Let v(y) be the third derivative of -1/12*y**4 + 0 + 7/6*y**3 + 0*y + 2*y**2. Determine v(5).
-3
Suppose 4*m - 11 = 5*h, h - 3*m + m + 7 = 0. Let a be (-1 + h)*(-4 - -5). Let y(s) = s**2 - s**3 - 7 - 7 + 2 + 4. Determine y(a).
-8
Let y(d) = -d**3 - 4*d**2 + 5*d - 8. Let a(w) = -w**3 - 3*w**2 + 4*w - 9. Let n(g) = -5*a(g) + 4*y(g). Determine n(0).
13
Let y(q) be the second derivative of -q**4/12 + 5*q**3/6 - q**2/2 + q. Calculate y(5).
-1
Let o(p) = -p - 15. Let y(f) = -9 + 1 - 6*f + 4*f + f. Let c(k) = 3*o(k) - 5*y(k). Determine c(4).
3
Let t(y) = -4 + 5 - y - 1. Give t(-6).
6
Let i(q) = q + 4. Suppose -10 = -5*l + 30. Let y = 13 - l. Determine i(y).
9
Let c(d) = -3 + 0*d - 2*d + 3*d. Suppose -4*r = -2*i + 4, -5*r = -0*r + 5. What is c(i)?
-3
Let f(d) = 2*d**2 - 3*d + 11. Let o(n) = -n**2 - n - 3. Let y(g) = -f(g) - 3*o(g). Let b = -13 + 7. What is y(b)?
-2
Suppose s = 11*s + s. Let n(h) = -h**2 - h - 17. Determine n(s).
-17
Let s(p) = p**2 + 8*p + 10. Let q be s(-5). Let w(b) = -b**3 - 6*b**2 + 6. Calculate w(q).
-19
Let h(d) = -2*d + 4. Let p be 84/(-56)*((-11)/(-3) + 1). What is h(p)?
18
Let s be -1*10*16/(-20). Suppose 4*v = s*v + 12. Let j(g) = -g**2 + g + 3. Determine j(v).
-9
Let s(t) = -t**2 + 3*t - 3. Let d = -21 - -13. Let b be 12*(2 + 14/d). Determine s(b).
-3
Let r = -11 - -15. Let n = 14 + -10. Let o(x) = n + 4*x**2 - 4*x + 2 - 3*x**2 - x. Determine o(r).
2
Suppose -5*c + 13 + 22 = 0. Let q(g) = g**3 + c*g**2 - 1 - g**2 + 4*g + 0*g**2. Give q(-5).
4
Let w(z) = -z**2 + z + 1. Let y(o) = 4*o**2 - 3*o - 9. Let c(f) = -5*w(f) - y(f). Let r(i) be the first derivative of c(i). What is r(-2)?
-6
Let u(c) be the second derivative of c**5/20 + c**4/4 + c**3/3 - c**2 - 3*c. Give u(-3).
-8
Let i = 28 + -26. Let a(k) = 0*k + i + 4*k - 1 - 7*k. What is a(3)?
-8
Let c = 15 + -13. Let j(i) = -5*i - 3*i**2 + i**2 + 2 + 5*i**2 - 2*i**c. What is j(5)?
2
Let h(s) = -9*s + 9. Let j(o) = -8*o + 11. Let v(t) = -6*h(t) + 5*j(t). What is v(-1)?
-13
Let f(x) = 2*x - 6. Let c be 14 + 1 + (-2 - 1). Suppose 3*a - 12 = 2*h - 4*h, 2*h + c = 3*a. What is f(a)?
2
Suppose 32 = 4*i + 4*b, -i + 20 = 4*b - 0*b. Suppose -1 + 11 = 5*o. Let s(x) = -6 + 2*x + 5*x + 0 - o*x - x**2. What is s(i)?
-2
Let t = -64 + 67. Let i(z) = z**2 - z + 3. What is i(t)?
9
Suppose 2*c - 16 = -4*o, 5*c - 4 = c - o. Suppose -4 = 2*w - 3*j + j, 2*j = c. Let a(l) = 4*l + 1. Calculate a(w).
-7
Let s be 0*(2 - 3/1). Let x(h) = s*h - 4*h - 8 + h**2 + 9. What is x(4)?
1
Let f(n) be the first derivative of n**3/3 - n**2 + n - 15. What is f(3)?
4
Let b(r) = 4*r. Let n = 5 - 2. Suppose -n*x + 7 = -2. Let y be (-2*1)/(x + -1). Calculate b(y).
-4
Let f(u) = -u + 8. Let q be f(6). Let r(t) be the second derivative of -2*t + 1/6*t**3 + 0 - 1/2*t**2 + 1/12*t**4. Calculate r(q).
5
Let q(o) = 0*o**2 - 2 + 5*o**2 + 4*o - 4*o**2. What is q(3)?
19
Let n(x) = x**3 - 5*x**2 - 9*x + 6. Let c be (-1)/(-2)*1/(1/12). Calculate n(c).
-12
Let o(k) = -k**2 + 2*k - 3. Let p be (5/(-20)*2)/((-2)/8). Calculate o(p).
-3
Let k(q) = -q. Let t(d) = 4*d - 2. Let p(i) = 3*k(i) + t(i). What is p(3)?
1
Let q be 792/(-160) + 5/1. Let c(g) be the second derivative of 0*g**3 - 3/2*g**2 + g + 1/3*g**4 + 0 - q*g**5. Determine c(3).
6
Suppose 3*x = 3*n - 6, -2*n + 11 - 4 = -5*x. Let w(a) = 2*a**3 + 2*a**2 - 1. Calculate w(n).
3
Let p(y) be the second derivative of -5*y + 0 - 1/3*y**3 + 0*y**2. Suppose -2 = 2*n + d, -2 = 2*n - 3*d - d. What is p(n)?
2
Let z be -7 - ((2 - 3) + -1). Let r(a) be the second derivative of a**4/12 + 7*a**3/6 + 3*a**2/2 + 2*a. What is r(z)?
-7
Suppose 5*k = -5*q - 9 + 49, 0 = 4*q + k - 32. Let z(x) = x**3 - 8*x**2 - x + 1. What is z(q)?
-7
Suppose y + 4*y = 3*t - 28, -10 = 2*y. Suppose t = 2*q + 5. Let g be 3/(-6) + 9/q. Let h(d) = -d**3 - 5*d**2 + 2*d + 3. Calculate h(g).
-7
Let g(s) = -s**3 - 2*s. Suppose 0 = -12*k + 10*k + 4. Calculate g(k).
-12
Let p(g) be the first derivative of -g**3/3 + 2*g**2 + 5*g - 32. Let y be (-1 + 5)/(3 - 2). Calculate p(y).
5
Let n(z) = z**2 + 4*z + 1. Let r(k) = k**3 + 4*k**2 + k - 2. Suppose 1 = o + 4. Let q be r(o). Suppose -15 = q*t + t. What is n(t)?
-2
Let y(j) be the second derivative of -j**4/12 - 5*j**3/6 + 4*j**2 + 5*j. Calculate y(-6).
2
Let v(o) be the third derivative of o**4/24 + o**3/2 - o**2. Let x be v(-4). Let m(s) = -4*s + 5*s + 0*s + 1 + 6*s**2 - 2*s**2. What is m(x)?
4
Let p = 17 - 18. Let q(t) = -4*t**2 - t - 1. What is q(p)?
-4
Let s(x) be the first derivative of -x**3/3 + 2*x**2 + x + 2. Let t(i) = -i**3 - 4*i**2 + 3*i - 6. Let y be t(-5). Calculate s(y).
1
Suppose 4*k = 5*k. Let m be 2 + (-1 - (k - 3)). Let a(i) = -i**3 + 5*i**2 - 4*i + 6. Determine a(m).
6
Let u(i) = 2*i**3 - 8*i**2 + 9*i + 6. Let o(p) = -p**3 + p**2 - p + 1. Let x(f) = 3*o(f) + u(f). Calculate x(-6).
9
Let c(o) = -o**2 - o - 1. Let t = 15 - 11. Suppose l + 3 = -u + 6, -3*u = 4*l - t. Suppose 2 - u = 2*z. Give c(z).
-7
Let x(r) = 3*r**3 - r**2 - 2*r + 1. Let c be (-2 - 3) + 2 + 5. Determine x(c).
17
Let d(o) be the second derivative of o**4/12 - 5*o**3/6 + o**2 + 2*o. Determine d(4).
-2
Let a(l) 